d(g) = 507*g + 9168. Determine d(-18).
42
Let s(x) = x**2 + 25*x - 10472. What is s(75)?
-2972
Let v(o) = -3*o**3 - 275*o**2 - 1511*o - 4206. What is v(-86)?
8
Let s(h) = h**3 - 11*h**2 - 31*h + 389. Calculate s(15).
824
Let u(z) = -4*z**2 - 501*z - 15239. Give u(-72).
97
Let k(h) = -2*h**2 + 305*h + 38295. What is k(-83)?
-798
Let h(g) = -g**3 - 7*g**2 - 61*g - 286. Determine h(-6).
44
Let z(j) = -j**2 - 197*j + 16399. Calculate z(63).
19
Let h(t) = -t**3 - 127*t**2 - 421*t - 21504. Give h(-125).
-129
Let t(m) = 2832*m - 34207. Determine t(12).
-223
Let g(z) = z**3 + 76*z**2 - 110*z + 4141. Give g(-78).
553
Let d(y) = -136*y**3 - 2*y**2 + 260*y + 260. What is d(-1)?
134
Let h(j) = -7*j**3 - 42*j**2 - 200*j - 447. What is h(-3)?
-36
Let i(f) = f**3 + 208*f**2 + 6634*f + 7269. Calculate i(-169).
2
Let a(b) = -400642*b - 2403837. Give a(-6).
15
Let g(a) = -2*a**3 - 107*a**2 + 65*a + 620. Give g(-54).
26
Let h(b) = b**2 - 181*b + 5865. What is h(35)?
755
Let p(z) = -z**3 - 36*z**2 + 1627*z + 56139. Determine p(-32).
-21
Let y(x) = 75*x**2 - 23999*x - 349. What is y(320)?
-29
Let y(v) = v**3 - 202*v**2 + 9180*v - 36. Determine y(69).
171
Let o(v) = -257*v**2 + 149837*v - 3504. Determine o(583).
-6
Let a(h) = -95*h**3 + 231*h + 33. Calculate a(0).
33
Let f(r) = 70692*r - 16400531. Determine f(232).
13
Let m(z) = 17*z + 117. Give m(-1).
100
Let i(a) = 3*a**2 - 66*a + 669. Determine i(9).
318
Let c(b) = -b**3 - 90*b**2 - 1172*b + 171. What is c(-16)?
-21
Let i(s) = -s**3 + 8*s**2 - 8401*s + 67201. What is i(8)?
-7
Let u(g) = -4427*g + 61986. What is u(14)?
8
Let p(s) = 2505*s - 207905. Give p(83).
10
Let z(a) = a**2 - 49381*a + 246870. Give z(5).
-10
Let a(h) = 1102251*h + 2204492. What is a(-2)?
-10
Let b(c) = -c**3 - 200*c**2 - 1911*c - 340700. What is b(-199)?
-12
Let c(h) = 42358*h + 169424. Calculate c(-4).
-8
Let h(b) = 3*b**2 - 105*b - 1030. Determine h(-9).
158
Let y(i) = 122*i + 4174. Determine y(-35).
-96
Let h(c) = 1393*c - 211968. What is h(152)?
-232
Let k(s) = 3976*s + 23854. What is k(-6)?
-2
Let l(h) = 19*h**3 + 146*h**2 + 141*h + 1167. What is l(-8)?
-345
Let f(u) = -u**3 - 54*u**2 + 83*u - 34. Give f(-56).
1590
Let g(w) = 5*w**3 - 166*w**2 + 17*w + 476. Calculate g(33).
-52
Let s(l) = 2*l**3 - 247*l**2 + 101*l + 1605. Give s(123).
-1101
Let h(o) = 14*o**2 + 333*o - 424. Give h(-25).
1
Let j(g) = -3*g**2 - 117*g + 3317. Determine j(-58).
11
Let o(f) = -f**2 - 281*f - 15164. Give o(-92).
2224
Let y(u) = 3*u**2 + 104*u - 977. Give y(8).
47
Let o(r) = -r**3 + 4*r**2 + 88544*r - 442688. What is o(5)?
7
Let c(o) = 834*o + 20012. What is c(-24)?
-4
Let d(m) = 136782*m + 16824193. Calculate d(-123).
7
Let c(l) = 561*l - 54318. Give c(97).
99
Let w(y) = -y**3 - 280*y**2 - 5454*y + 402. What is w(-259)?
4287
Let c(o) = -o**3 + 8201*o**2 + 98651*o + 1146. Determine c(-12).
6
Let n(v) = -303*v - 22722. Determine n(-75).
3
Let k(z) = 18541*z - 166833. Give k(9).
36
Let r(m) = 3368*m + 67933. What is r(-20)?
573
Let u(a) = 10*a**3 - 1915*a**2 + 952*a + 752. Determine u(191).
179
Let y(z) = -z**3 - 50*z**2 + 341*z + 481. Calculate y(-56).
201
Let z(d) = 40*d + 980. Determine z(-23).
60
Let u(h) = 34280*h - 788456. Calculate u(23).
-16
Let o(n) = 38175*n - 305615. What is o(8)?
-215
Let q(a) = -2*a**3 - 13*a**2 + 1303*a + 10311. What is q(-8)?
79
Let o(t) = -2*t**3 + 117*t**2 - 586*t + 5224. What is o(54)?
-176
Let q(g) = 2*g**3 - 113*g**2 - 287*g - 424. Calculate q(59).
48
Let v(g) = 65*g**2 + 5274*g + 725. What is v(-81)?
-4
Let g(t) = 2*t**3 - 16*t**2 - 21*t - 76. What is g(9)?
-103
Let s(w) = 3*w**2 - 366*w + 11078. Calculate s(66).
-10
Let w(d) = -d**3 + 5*d**2 + 789*d + 4010. Determine w(-5).
315
Let j(m) = -97276*m - 4863830. Determine j(-50).
-30
Let r(i) = 3*i**2 - 666*i + 4622. What is r(215)?
107
Let i(b) = -1130*b**2 - 96059*b - 756. What is i(-85)?
9
Let q(z) = -2481*z + 59186. Calculate q(23).
2123
Let f(u) = u**3 - 182*u**2 + 1044*u + 167. Determine f(176).
-1945
Let o(f) = 14*f**2 - 1585*f + 6285. Calculate o(4).
169
Let a(z) = z**2 + 79*z - 78739. Give a(-323).
73
Let o(p) = -p**2 + 4356*p - 47805. What is o(11)?
-10
Let d(r) = 3613*r + 87532. Calculate d(-24).
820
Let o(k) = -27*k**2 + 7177*k + 50271. Give o(-7).
-1291
Let i(b) = 187*b**2 - 3240*b + 3969. Determine i(16).
1
Let r(m) = -m**2 + 399*m + 66135. What is r(-126)?
-15
Let o(s) = 20710*s + 165732. What is o(-8)?
52
Let u(s) = -122999*s - 614989. Calculate u(-5).
6
Let o(n) = -298*n - 1675. Calculate o(-6).
113
Let z(n) = -2347*n - 25988. Determine z(-11).
-171
Let z(q) = -45*q**2 + 11335*q + 1288. Determine z(252).
28
Let d(j) = -2823*j + 11941. Give d(4).
649
Let t(g) = -1944*g + 58052. Determine t(30).
-268
Let x(c) = 33*c**3 + 47*c**2 - 452*c - 452. Give x(-1).
14
Let g(h) = 1644*h + 3335. Calculate g(-2).
47
Let k(i) = -5*i**3 - 440*i**2 - 15*i - 1693. Calculate k(-88).
-373
Let x(d) = 6254*d + 37535. Calculate x(-6).
11
Let j(q) = -35*q**3 - 1263*q**2 - 138*q - 1078. Calculate j(-36).
2
Let r(x) = 7*x**2 - 2*x - 350. Calculate r(12).
634
Let x(n) = n**3 + 35*n**2 - 2219*n + 1431. Determine x(-68).
-269
Let u(f) = f**3 - 24*f**2 - 15*f - 170. What is u(25)?
80
Let o(k) = 410*k**2 + 2346*k + 23. Determine o(-6).
707
Let f(r) = 6*r**2 - 875*r - 7317. What is f(-8)?
67
Let n(g) = -3655*g + 789588. What is n(216)?
108
Let d(o) = -760*o - 32406. Give d(-44).
1034
Let u(j) = 514*j**2 - 3226*j + 844. Calculate u(6).
-8
Let w(t) = -t**3 - 16*t**2 - 4*t. Determine w(7).
-1155
Let c(g) = -2*g**2 + 32*g + 18731. Give c(105).
41
Let s(u) = 507*u - 2421. What is s(6)?
621
Let u(q) = 4349*q - 3729. What is u(1)?
620
Let v(b) = -19495*b - 18258. Give v(-1).
1237
Let p(g) = 16*g**2 + 470*g - 4523. Give p(8).
261
Let a(c) = -293*c + 2486. Give a(8).
142
Let b(c) = 3*c**3 - 130*c**2 - 245*c - 5649. Give b(46).
9
Let i(r) = -r**3 - 23*r**2 - 169*r - 363. Calculate i(-12).
81
Let y(i) = i**3 - 405*i**2 + 40455*i - 168. Give y(179).
11
Let s(h) = -7*h**3 + 83*h**2 - 87*h - 27. Give s(11).
-258
Let u(x) = 625*x - 3118. Give u(5).
7
Let s(v) = 2*v**2 - 6139*v + 43019. Give s(7).
144
Let y(f) = -99*f - 34947. Give y(-353).
0
Let z(v) = -v**3 + 29*v**2 + 1879*v - 1138. Determine z(60).
2
Let j(q) = 2*q**2 + 204*q + 1117. Calculate j(-99).
523
Let k(h) = 31*h**2 - 823*h - 70. What is k(26)?
-512
Let f(u) = 2*u**3 + 283*u**2 + 5867*u + 807371. What is f(-141)?
5
Let j(i) = -i**3 - 27*i**2 - 78*i - 789. Calculate j(-25).
-89
Let i(v) = 37*v - 3905. Give i(86).
-723
Let o(t) = -3067*t**2 + 190158*t - 250. Give o(62).
-2
Let r(w) = -1527*w + 6395. Calculate r(5).
-1240
Let a(s) = 1324*s + 13292. Calculate a(-10).
52
Let w(l) = l**3 - 10*l**2 + 2200*l - 22016. Give w(10).
-16
Let m(t) = -6453*t + 3652353. What is m(566)?
-45
Let o(g) = -365*g**2 - 2122*g. Give o(-6).
-408
Let d(x) = -8028*x - 353220. What is d(-44)?
12
Let x(k) = k**2 + 1425*k - 18773. Give x(13).
-79
Let c(x) = 89*x + 14736. What is c(-145)?
1831
Let k(x) = 9*x**3 + 44*x**2 - 150*x - 210. Give k(-7).
-91
Let i(w) = 1391*w - 94578. What is i(68)?
10
Let q(h) = -h**2 + 9342*h + 65467. Give q(-7).
24
Let m(v) = 3059*v + 85387. Determine m(-28).
-265
Let o(s) = s**3 + 398*s**2 - 7492*s - 2003. Give o(-416).
-339
Let n(k) = -k**3 + 87*k**2 + 357*k + 861. Determine n(91).
224
Let r(o) = 3389273*o + 27114178. Determine r(-8).
-6
Let n(h) = -142*h**2 - 277*h + 924. What is n(-4)?
-240
Let v(t) = 2*t**3 + 747*t**2 - 1878*t + 756. What is v(-376)?
4
Let f(d) = 2*d**3 - 34*d**2 - 186*d + 167. What is f(21)?
-211
Let b(x) = -31*x**2 - 1092*x - 2306. What is b(-33)?
-29
Let f(w) = 2*w**2 - 16388*w + 131010. What is f(8)?
34
Let n(f) = 194*f - 31436. Calculate n(151).
-2142
Let y(l) = 4519*l - 732086. Give y(162).
-8
Let l(d) = -3*d**2 - 397*d + 1463. What is l(-135)?
383
Let s(b) = 21*b**3 - 2*b**2 - 268*b - 538. What is s(-2)?
-178
Let x(d) = -29679*d + 860637. Give x(29).
-54
Let y(j) = -20*j**3 + 202*j**2 - 2332*j + 23159. What is y(10)?
39
Let x(v) = 13*v**2 - 2069*v + 60024. What is x(121)?
8
Let d(o) = 2*o**3 - 7*o**2 + 33*o - 282. Determine d(7).
292
Let m(x) = x**2 - 919*x - 162813. Determine m(-152).
-21
Let w(v) = 260*v**2 - 950*v - 351. Determine w(4).
9
Let a(y) = -5*y - 960. Give a(-51).
-705
Let o(n) = 3552*n + 134886. What 